{"id":4883,"date":"2024-12-09T15:53:21","date_gmt":"2024-12-09T14:53:21","guid":{"rendered":"https:\/\/plater.edu.pl\/liceum\/?page_id=4883"},"modified":"2024-12-09T15:53:22","modified_gmt":"2024-12-09T14:53:22","slug":"rada-rodzicow-ii-lo-im-e-plater","status":"publish","type":"page","link":"https:\/\/plater.edu.pl\/liceum\/rada-rodzicow-ii-lo-im-e-plater\/","title":{"rendered":"Rada rodzic\u00f3w II LO.im.E.Plater"},"content":{"rendered":"<div class=\"wp-block-image\">\n<figure class=\"aligncenter size-large\"><img decoding=\"async\" src=\"https:\/\/plater.edu.pl\/liceum\/wp-content\/uploads\/2024\/03\/meeting.jpg\" alt=\"\"\/><\/figure>\n<\/div>\n\n\n<p class=\"has-text-align-center\" style=\"font-size:27px\"><strong>SK\u0141AD KOMITETU RODZICIELSKIEGO<\/strong><\/p>\n\n\n\n<p class=\"has-text-align-center\" style=\"font-size:24px\"><strong>W ROKU SZKOLNYM 2024\/25<\/strong><\/p>\n\n\n\n<ul class=\"wp-block-list\">\n<li>Marcin Dzimi\u0144ski \u2013 cz\u0142onek<\/li>\n\n\n\n<li>Bry\u015b Grzegorz \u2013 przewodnicz\u0105cy<\/li>\n\n\n\n<li>Pasieka Agnieszka \u2013 skarbnik<\/li>\n\n\n\n<li>Marta Kazanecka-Dudek \u2013 sekretarz<\/li>\n\n\n\n<li>Janusz Adamczyk \u2013 cz\u0142onek<\/li>\n\n\n\n<li>Zuzanna Teper-Solarz \u2013 cz\u0142onek<\/li>\n\n\n\n<li>Ma\u0142gorzata Pogoda-Mendakiewicz \u2013 cz\u0142onek<\/li>\n\n\n\n<li>Ewa Dzie\u017ca-Sowa \u2013 cz\u0142onek<\/li>\n<\/ul>\n\n\n\n<p><\/p>\n\n\n\n<p class=\"has-text-align-center\" style=\"font-size:24px\"><strong>KOMISJA&nbsp; REWIZYJNA<\/strong><\/p>\n\n\n\n<ul class=\"wp-block-list\">\n<li>Kamila Pionka<\/li>\n\n\n\n<li>Monika Wyraz<\/li>\n<\/ul>\n\n\n\n<p class=\"has-text-align-center\" style=\"font-size:24px\"><strong>WP\u0141ATY NA KONTO RADY RODZIC\u00d3W:<\/strong><\/p>\n\n\n\n<p class=\"has-text-align-center\">Rada Rodzic\u00f3w Komitet Rodzicielski przy II LO im. E.Plater w Sosnowcu ul. Parkowa 1<\/p>\n\n\n\n<p class=\"has-text-align-center\">VELO BANK 41 1560 1166 2110 1111 2958 0001<\/p>\n\n\n\n<p class=\"has-text-align-center\">Z dopiskiem wp\u0142ata na komitet rodzicielski imi\u0119 i nazwisko ucznia, klasa<\/p>\n","protected":false},"excerpt":{"rendered":"<p>SK\u0141AD KOMITETU RODZICIELSKIEGO W ROKU SZKOLNYM 2024\/25 KOMISJA&nbsp; REWIZYJNA WP\u0141ATY NA KONTO RADY RODZIC\u00d3W: Rada Rodzic\u00f3w Komitet Rodzicielski przy II LO im. E.Plater w Sosnowcu ul. Parkowa 1 VELO BANK 41 1560 1166 2110 1111 2958 0001 Z dopiskiem wp\u0142ata na komitet rodzicielski imi\u0119 i nazwisko ucznia, klasa<\/p>\n","protected":false},"author":4,"featured_media":0,"parent":0,"menu_order":0,"comment_status":"closed","ping_status":"closed","template":"","meta":{"_acf_changed":false,"_stopmodifiedupdate":false,"_modified_date":"","footnotes":""},"categories":[],"tags":[],"class_list":["post-4883","page","type-page","status-publish"],"acf":[],"_links":{"self":[{"href":"https:\/\/plater.edu.pl\/liceum\/wp-json\/wp\/v2\/pages\/4883","targetHints":{"allow":["GET"]}}],"collection":[{"href":"https:\/\/plater.edu.pl\/liceum\/wp-json\/wp\/v2\/pages"}],"about":[{"href":"https:\/\/plater.edu.pl\/liceum\/wp-json\/wp\/v2\/types\/page"}],"author":[{"embeddable":true,"href":"https:\/\/plater.edu.pl\/liceum\/wp-json\/wp\/v2\/users\/4"}],"replies":[{"embeddable":true,"href":"https:\/\/plater.edu.pl\/liceum\/wp-json\/wp\/v2\/comments?post=4883"}],"version-history":[{"count":1,"href":"https:\/\/plater.edu.pl\/liceum\/wp-json\/wp\/v2\/pages\/4883\/revisions"}],"predecessor-version":[{"id":4884,"href":"https:\/\/plater.edu.pl\/liceum\/wp-json\/wp\/v2\/pages\/4883\/revisions\/4884"}],"wp:attachment":[{"href":"https:\/\/plater.edu.pl\/liceum\/wp-json\/wp\/v2\/media?parent=4883"}],"wp:term":[{"taxonomy":"category","embeddable":true,"href":"https:\/\/plater.edu.pl\/liceum\/wp-json\/wp\/v2\/categories?post=4883"},{"taxonomy":"post_tag","embeddable":true,"href":"https:\/\/plater.edu.pl\/liceum\/wp-json\/wp\/v2\/tags?post=4883"}],"curies":[{"name":"wp","href":"https:\/\/api.w.org\/{rel}","templated":true}]}}

Rada rodziców II LO.im.E.Plater

<div class="wp-block-image">
<figure class="aligncenter size-large"><img decoding="async" src="https://plater.edu.pl/liceum/wp-content/uploads/2024/03/meeting.jpg" alt=""/></figure>
</div>


<p class="has-text-align-center" style="font-size:27px"><strong>SKŁAD KOMITETU RODZICIELSKIEGO</strong></p>



<p class="has-text-align-center" style="font-size:24px"><strong>W ROKU SZKOLNYM 2024/25</strong></p>



<ul class="wp-block-list">
<li>Marcin Dzimiński – członek</li>



<li>Bryś Grzegorz – przewodniczący</li>



<li>Pasieka Agnieszka – skarbnik</li>



<li>Marta Kazanecka-Dudek – sekretarz</li>



<li>Janusz Adamczyk – członek</li>



<li>Zuzanna Teper-Solarz – członek</li>



<li>Małgorzata Pogoda-Mendakiewicz – członek</li>



<li>Ewa Dzieża-Sowa – członek</li>
</ul>



<p></p>



<p class="has-text-align-center" style="font-size:24px"><strong>KOMISJA&nbsp; REWIZYJNA</strong></p>



<ul class="wp-block-list">
<li>Kamila Pionka</li>



<li>Monika Wyraz</li>
</ul>



<p class="has-text-align-center" style="font-size:24px"><strong>WPŁATY NA KONTO RADY RODZICÓW:</strong></p>



<p class="has-text-align-center">Rada Rodziców Komitet Rodzicielski przy II LO im. E.Plater w Sosnowcu ul. Parkowa 1</p>



<p class="has-text-align-center">VELO BANK 41 1560 1166 2110 1111 2958 0001</p>



<p class="has-text-align-center">Z dopiskiem wpłata na komitet rodzicielski imię i nazwisko ucznia, klasa</p>

<p>SKŁAD KOMITETU RODZICIELSKIEGO W ROKU SZKOLNYM 2024/25 KOMISJA&nbsp; REWIZYJNA WPŁATY NA KONTO RADY RODZICÓW: Rada Rodziców Komitet Rodzicielski przy II LO im. E.Plater w Sosnowcu ul. Parkowa 1 VELO BANK 41 1560 1166 2110 1111 2958 0001 Z dopiskiem wpłata na komitet rodzicielski imię i nazwisko ucznia, klasa</p>
