{"id":5027,"date":"2025-02-07T10:35:49","date_gmt":"2025-02-07T09:35:49","guid":{"rendered":"https:\/\/plater.edu.pl\/liceum\/?page_id=5027"},"modified":"2025-02-07T10:40:21","modified_gmt":"2025-02-07T09:40:21","slug":"patronka-ii-lo","status":"publish","type":"page","link":"https:\/\/plater.edu.pl\/liceum\/patronka-ii-lo\/","title":{"rendered":"Patronka II LO"},"content":{"rendered":"<div id=\"tdi_1\" class=\"tdc-zone\"><div class=\"tdc_zone tdi_2  wpb_row td-pb-row\"  >\n<style scoped>\n\/* custom css - generated by TagDiv Composer *\/\n\n\/* custom css - generated by TagDiv Composer *\/\n\/* custom css - generated by TagDiv Composer *\/\n.tdi_2{\r\n                    min-height: 0;\r\n                }\n<\/style><div id=\"tdi_3\" class=\"tdc-row\"><div class=\"vc_row tdi_4  wpb_row td-pb-row\" >\n<style scoped>\n\/* custom css - generated by TagDiv Composer *\/\n\n\/* custom css - generated by TagDiv Composer *\/\n\/* custom css - generated by TagDiv Composer *\/\n.tdi_4,\r\n                .tdi_4 .tdc-columns{\r\n                    min-height: 0;\r\n                }.tdi_4,\r\n\t\t\t\t.tdi_4 .tdc-columns{\r\n\t\t\t\t    display: block;\r\n\t\t\t\t}.tdi_4 .tdc-columns{\r\n\t\t\t\t    width: 100%;\r\n\t\t\t\t}\n<\/style><div class=\"vc_column tdi_6  wpb_column vc_column_container tdc-column td-pb-span12\">\n<style scoped>\n\/* custom css - generated by TagDiv Composer *\/\n\n\/* custom css - generated by TagDiv Composer *\/\n\/* custom css - generated by TagDiv Composer *\/\n.tdi_6{\r\n                    vertical-align: baseline;\r\n                }.tdi_6 > .wpb_wrapper,\r\n\t\t\t\t.tdi_6 > .wpb_wrapper > .tdc-elements{\r\n\t\t\t\t    display: block;\r\n\t\t\t\t}.tdi_6 > .wpb_wrapper > .tdc-elements{\r\n\t\t\t\t    width: 100%;\r\n\t\t\t\t}.tdi_6 > .wpb_wrapper > .vc_row_inner{\r\n\t\t\t\t    width: auto;\r\n\t\t\t\t}.tdi_6 > .wpb_wrapper{\r\n\t\t\t\t    width: auto;\r\n\t\t\t\t    height: auto;\r\n\t\t\t\t}\n<\/style><div class=\"wpb_wrapper\" ><div class=\"wpb_wrapper td_block_wrap vc_raw_html tdi_8 \"><div class=\"td-fix-index\"><table style=\"width: 100%; border-collapse: collapse; margin: 0px auto; border: solid rgb(255, 255, 255);\">\n    <tbody>\n        <tr>\n            <td style=\"width: 50%; border: solid rgb(255, 255, 255);\">\n                <div>\n                    <div>\n                        <h1><span style=\"color: rgb(251, 160, 38);\"><b>Patronka<\/b><\/span><\/h1>\n                    <\/div>\n                <\/div>\n                <div>\n                    <p style=\"text-align: justify;\">Emilia Plater urodzi\u0142a si\u0119 13 listopada 1806 w Wilnie, jako c\u00f3rka hrabiostwa Anny i Franciszka Plater\u00f3w. Dzieci\u0144stwo i lata m\u0142odzie\u0144cze sp\u0119dzi\u0142a w maj\u0105tku Liksna. To tam rozwinie swoje zainteresowania: mi\u0142o\u015b\u0107 do Polski, szacunek dla folkloru, matematyczny zapa\u0142, ale tak\u017ce pisanie wiersze i malarstwo. Bohaterami dla m\u0142odej panny byli Joanna d&rdquo;Arc i Tadeusz Ko\u015bciuszko. W latach 20-tych XIX wieku odby\u0142a d\u0142uga podr\u00f3\u017c po Litwie, Bia\u0142orusi, odwiedzi\u0142a tak\u017ce ziemie polskie pod zaborami, wspomnie\u0107 tu nale\u017cy o Krakowie, Cz\u0119stochowie i Warszawie. Wielka Historia zapuka\u0142a niespodziewanie do \u017cycia Emilii 29 listopada 1830 roku. M\u0142oda szlachcianka podj\u0119\u0142a bardzo niezwyk\u0142\u0105 decyzj\u0119, jak na owe czasy zorganizowa\u0142a 300 oddzia\u0142 powsta\u0144czy i stan\u0119\u0142a na jego czele. Wzi\u0119\u0142a czynny udzia\u0142 w bitwach na terenie Litwy. Niestety trudy partyzanckiego \u017cycia powa\u017cnie nadwyr\u0119\u017cy\u0142y jej zdrowie zmar\u0142a 23 grudnia 1831 roku. Zosta\u0142a pochowana w anonimowym grobie w Kopciowie. Dopiero po latach mo\u017cna by\u0142o miejsce poch\u00f3wku godnie opisa\u0107. Emilia Plater swoj\u0105 legendarn\u0105 s\u0142aw\u0119 zawdzi\u0119cza Adamowi Mickiewiczowi, kt\u00f3ry upami\u0119tni\u0142 j\u0105 w utworze \u015amier\u0107 pu\u0142kownika, opowie\u015b\u0107 o bohaterskiej dziewczynie, kt\u00f3ra \u015bcina w\u0142osy i idzie walczy\u0107 za kraj, kt\u00f3rego nie ma na mapie, \u015bwietnie wpisa\u0142a si\u0119 w czasy romantyzmu. Dodatkowo t\u0119 legend\u0119 podsyca fakt, \u017ce za \u017cycia nie powsta\u0142 \u017caden portret Emilii, a wszystkie podobizny sk\u0142aniaj\u0105 si\u0119 ku stwierdzeniu, \u017ce pi\u0119kne wn\u0119trze musi si\u0119 \u0142\u0105czy\u0107 z pi\u0119kn\u0105 fizyczno\u015bci\u0105.<\/p>\n                <\/div>\n            <\/td>\n            <td style=\"width: 50%; border: solid rgb(255, 255, 255);\">&nbsp; <br> <img decoding=\"async\" src=\"https:\/\/plater.edu.pl\/liceum\/wp-content\/uploads\/2024\/11\/emilia-plater.jpg\" style=\"float: center; width: 480px;\"><\/td>\n        <\/tr>\n    <\/tbody>\n<\/table><\/div><\/div><\/div><\/div><\/div><\/div><\/div><\/div>","protected":false},"excerpt":{"rendered":"","protected":false},"author":4,"featured_media":0,"parent":0,"menu_order":0,"comment_status":"closed","ping_status":"closed","template":"","meta":{"_acf_changed":false,"_stopmodifiedupdate":false,"_modified_date":"","footnotes":""},"categories":[],"tags":[],"class_list":["post-5027","page","type-page","status-publish"],"acf":[],"_links":{"self":[{"href":"https:\/\/plater.edu.pl\/liceum\/wp-json\/wp\/v2\/pages\/5027","targetHints":{"allow":["GET"]}}],"collection":[{"href":"https:\/\/plater.edu.pl\/liceum\/wp-json\/wp\/v2\/pages"}],"about":[{"href":"https:\/\/plater.edu.pl\/liceum\/wp-json\/wp\/v2\/types\/page"}],"author":[{"embeddable":true,"href":"https:\/\/plater.edu.pl\/liceum\/wp-json\/wp\/v2\/users\/4"}],"replies":[{"embeddable":true,"href":"https:\/\/plater.edu.pl\/liceum\/wp-json\/wp\/v2\/comments?post=5027"}],"version-history":[{"count":4,"href":"https:\/\/plater.edu.pl\/liceum\/wp-json\/wp\/v2\/pages\/5027\/revisions"}],"predecessor-version":[{"id":5032,"href":"https:\/\/plater.edu.pl\/liceum\/wp-json\/wp\/v2\/pages\/5027\/revisions\/5032"}],"wp:attachment":[{"href":"https:\/\/plater.edu.pl\/liceum\/wp-json\/wp\/v2\/media?parent=5027"}],"wp:term":[{"taxonomy":"category","embeddable":true,"href":"https:\/\/plater.edu.pl\/liceum\/wp-json\/wp\/v2\/categories?post=5027"},{"taxonomy":"post_tag","embeddable":true,"href":"https:\/\/plater.edu.pl\/liceum\/wp-json\/wp\/v2\/tags?post=5027"}],"curies":[{"name":"wp","href":"https:\/\/api.w.org\/{rel}","templated":true}]}}

<div id="tdi_1" class="tdc-zone"><div class="tdc_zone tdi_2  wpb_row td-pb-row"  >
<style scoped>
/* custom css - generated by TagDiv Composer */

/* custom css - generated by TagDiv Composer */
/* custom css - generated by TagDiv Composer */
.tdi_2{
                    min-height: 0;
                }
</style><div id="tdi_3" class="tdc-row"><div class="vc_row tdi_4  wpb_row td-pb-row" >
<style scoped>
/* custom css - generated by TagDiv Composer */

/* custom css - generated by TagDiv Composer */
/* custom css - generated by TagDiv Composer */
.tdi_4,
                .tdi_4 .tdc-columns{
                    min-height: 0;
                }.tdi_4,
				.tdi_4 .tdc-columns{
				    display: block;
				}.tdi_4 .tdc-columns{
				    width: 100%;
				}
</style><div class="vc_column tdi_6  wpb_column vc_column_container tdc-column td-pb-span12">
<style scoped>
/* custom css - generated by TagDiv Composer */

/* custom css - generated by TagDiv Composer */
/* custom css - generated by TagDiv Composer */
.tdi_6{
                    vertical-align: baseline;
                }.tdi_6 > .wpb_wrapper,
				.tdi_6 > .wpb_wrapper > .tdc-elements{
				    display: block;
				}.tdi_6 > .wpb_wrapper > .tdc-elements{
				    width: 100%;
				}.tdi_6 > .wpb_wrapper > .vc_row_inner{
				    width: auto;
				}.tdi_6 > .wpb_wrapper{
				    width: auto;
				    height: auto;
				}
</style><div class="wpb_wrapper" ><div class="wpb_wrapper td_block_wrap vc_raw_html tdi_8 "><div class="td-fix-index"><table style="width: 100%; border-collapse: collapse; margin: 0px auto; border: solid rgb(255, 255, 255);">
    <tbody>
        <tr>
            <td style="width: 50%; border: solid rgb(255, 255, 255);">
                <div>
                    <div>
                        <h1><span style="color: rgb(251, 160, 38);"><b>Patronka</b></span></h1>
                    </div>
                </div>
                <div>
                    <p style="text-align: justify;">Emilia Plater urodziła się 13 listopada 1806 w Wilnie, jako córka hrabiostwa Anny i Franciszka Platerów. Dzieciństwo i lata młodzieńcze spędziła w majątku Liksna. To tam rozwinie swoje zainteresowania: miłość do Polski, szacunek dla folkloru, matematyczny zapał, ale także pisanie wiersze i malarstwo. Bohaterami dla młodej panny byli Joanna d&rdquo;Arc i Tadeusz Kościuszko. W latach 20-tych XIX wieku odbyła długa podróż po Litwie, Białorusi, odwiedziła także ziemie polskie pod zaborami, wspomnieć tu należy o Krakowie, Częstochowie i Warszawie. Wielka Historia zapukała niespodziewanie do życia Emilii 29 listopada 1830 roku. Młoda szlachcianka podjęła bardzo niezwykłą decyzję, jak na owe czasy zorganizowała 300 oddział powstańczy i stanęła na jego czele. Wzięła czynny udział w bitwach na terenie Litwy. Niestety trudy partyzanckiego życia poważnie nadwyrężyły jej zdrowie zmarła 23 grudnia 1831 roku. Została pochowana w anonimowym grobie w Kopciowie. Dopiero po latach można było miejsce pochówku godnie opisać. Emilia Plater swoją legendarną sławę zawdzięcza Adamowi Mickiewiczowi, który upamiętnił ją w utworze Śmierć pułkownika, opowieść o bohaterskiej dziewczynie, która ścina włosy i idzie walczyć za kraj, którego nie ma na mapie, świetnie wpisała się w czasy romantyzmu. Dodatkowo tę legendę podsyca fakt, że za życia nie powstał żaden portret Emilii, a wszystkie podobizny skłaniają się ku stwierdzeniu, że piękne wnętrze musi się łączyć z piękną fizycznością.</p>
                </div>
            </td>
            <td style="width: 50%; border: solid rgb(255, 255, 255);">&nbsp; <br> <img decoding="async" src="https://plater.edu.pl/liceum/wp-content/uploads/2024/11/emilia-plater.jpg" style="float: center; width: 480px;"></td>
        </tr>
    </tbody>
</table></div></div></div></div></div></div></div></div>
